e 20/(-8)*(-12)/p. Suppose 5*q - 228 - 476 = -l*w, -w + 233 = 2*q. List the prime factors of w.
3
What are the prime factors of (-6)/(-2) + 3*18808/24?
2, 11, 107
Let t(w) = 831*w**2 - 205*w - 786. List the prime factors of t(-4).
2, 5, 31, 43
Suppose 3*f + 40094 = 5*d, -3*f + 16114 = 3*d - 7952. List the prime factors of d.
2, 5, 401
Suppose 3*k + i - 30 = -0*k, -5*i = 5*k - 60. Let j be (2 - k/6)*10. List the prime factors of 67 - 3/5*j.
2
Let d(f) = -2*f**2 - 17*f - 8. Let x be d(-8). Suppose 0 = -x*j + 5*j. Suppose j = -2*p + 238 - 44. List the prime factors of p.
97
Let k = -553 + -263. Let z be ((-18)/4)/((-1623)/k + -2). List the prime factors of ((-17)/34)/((-2)/(z - 0)).
2, 3, 17
Suppose l + 672 = 665, 3*n + 5*l - 7147 = 0. What are the prime factors of n?
2, 3, 7, 19
Let m(r) = 13*r**2 - 105*r - 1390. What are the prime factors of m(-17)?
2, 3, 173
Let a(d) = -8*d + 40. Let f be a(5). List the prime factors of f - (2/(-12) - 30761/114).
2, 3, 5
Suppose -d - 1268 - 2347 = -3*g, 5*g - 4*d = 6011. What are the prime factors of g?
17, 71
Let s(h) = 2*h - 8. Suppose 8*a = 6*a + 12. Let j be s(a). Suppose -j*t + 833 = 3*t. List the prime factors of t.
7, 17
Suppose -5*g = -424 - 546. Suppose -4*w - 197 = -o, -o + 2*w + g = w. Let j = o + -116. What are the prime factors of j?
7, 11
Let l = 21633 + -11020. List the prime factors of l.
10613
Let j(t) = -17*t - 59. Let c be j(-11). Suppose 0 = -25*v + 24*v + c. What are the prime factors of v?
2
Let z(q) = -q + 8. Let j be z(0). Suppose 0 = 2*g - j*g + 24. List the prime factors of 21*4 - (2 - g).
2, 43
Let p(w) = 2*w - 14. Suppose -4*x = -5*x + 9. Let k be p(x). Suppose -4*o = -b - o + 43, 161 = k*b - o. What are the prime factors of b?
2, 5
Suppose -103*z + 377650 = -87086. What are the prime factors of z?
2, 3, 47
Let s = -164 - -244. Let o = s - 72. Suppose 3*n = 2*z + o*n - 98, 0 = 4*z - 2*n - 244. List the prime factors of z.
59
What are the prime factors of 84726 - (11/264*3 + (-33)/8)?
2, 5, 37, 229
What are the prime factors of (-143 + 12)/(8 + 5106/(-638))?
11, 29, 131
Let n(z) = 13*z - 35. Let l be n(12). Suppose -d = -l - 639. Suppose -300 = -5*f + d. List the prime factors of f.
2, 53
Suppose -32 = -4*i + 4*m, 0 = -0*m + 5*m + 25. Suppose 8 = i*q - 7, -5*z = -q - 5. List the prime factors of (-232)/10*(-5)/z.
2, 29
Suppose -2*p - 23*p = -175. What are the prime factors of (p - 3)/((-32)/(-7256))?
907
Let b be ((15/(-6))/5)/(4/3984). Let r = 1264 + b. List the prime factors of r.
2, 383
Let k(s) = 131*s - 151. Let r be k(11). Suppose -2*b = b - r. What are the prime factors of b?
2, 5, 43
Let s be ((-336)/(-32))/((-1)/2 + 1). Suppose -3118 = -s*d + 1964. List the prime factors of d.
2, 11
Suppose 1766*l + 1112 = 1768*l. Let i = l + -551. List the prime factors of i.
5
Suppose -4*b - 1514 = -2*z, -4*z - 5*b + 1259 = -1704. What are the prime factors of z?
3, 83
Let t(k) = 334*k - 25. Let y be t(5). Suppose 0 = -11*w + 4*w + y. What are the prime factors of w?
5, 47
Let j = 195 + -327. Let w = j + 172. What are the prime factors of w?
2, 5
Suppose -5*z + 20791 = -5*g + 436, -4*g = 4*z - 16244. What are the prime factors of z?
2, 19, 107
Let c(s) be the third derivative of 12*s**5/5 - s**4/8 + s**3/3 + 4*s**2. Let f be 10/45 - 14/(-18). What are the prime factors of c(f)?
11, 13
Let y be 6 + 2*2/(-4). Let f = 6 - 3. Suppose -f*z + 2*j + 178 = -0*z, -4*z + y*j = -242. What are the prime factors of z?
2, 29
Suppose s - 1640 = -5*c + 3*c, -s + 1612 = -5*c. Suppose 4*n + s = 4*t, -1627 = -5*t + t + 3*n. Let d = t - 104. List the prime factors of d.
13, 23
Let t(z) = 1063*z + 274. What are the prime factors of t(4)?
2, 31, 73
Let g be 0 + 9*(-10)/15. List the prime factors of -5 + 1164/(-18)*g.
383
Let m(t) = -t**3 - 10*t**2 + 6*t - 46. Let j be m(-11). Suppose -5*s + 2*g = -2080, 7*s - j*s = -3*g - 843. List the prime factors of s.
2, 3, 23
Suppose -23 - 19 = -3*w. Suppose 4*x - w + 6 = 0. Suppose -2*c + 4*m = -28, 0*m + 106 = 5*c + x*m. List the prime factors of c.
2, 5
Let o(m) = -637*m + 64. Let j be o(-3). Let g = j + -1078. What are the prime factors of g?
3, 13, 23
Suppose -2*i = -13*s + 11*s + 1080, i + 549 = 4*s. Let o = i - -909. List the prime factors of o.
2, 3, 31
Let z be (-2)/2 - 27/(-9). Suppose 5 = -z*v - 1. List the prime factors of 3*(-31*(-2 - v))/(-3).
31
Let s be (-4880)/(-35) + (3 - (-51)/(-21)). Let u = s + -60. What are the prime factors of u?
2, 5
Let l(j) = 10*j**2 - 7*j + 15. Let g be (6 + -9)/((-6)/(-14)). What are the prime factors of l(g)?
2, 277
Let y(j) = -4*j + 10. Let c be y(2). Suppose c*z - 8*z = 30. Let q(o) = 2*o**2 - 9. What are the prime factors of q(z)?
41
Suppose 5*l = -4*n + 709 - 141, 2*n + 4*l = 290. Suppose -3*h = -b - 62, b - 7*h + 66 = -2*h. Let p = b + n. List the prime factors of p.
3
Let l = 56 - 34. Suppose -4 = 6*p - l. Suppose -p*k - 3*y + 18 = -36, -y = 5. List the prime factors of k.
23
Suppose -40*h = -3*t - 36*h - 12, -3*t + 3*h - 12 = 0. What are the prime factors of 1434/t*((-234)/(-27) + -12)?
5, 239
Let t = 4019 - -5649. What are the prime factors of t?
2, 2417
Suppose 3*v + 33 - 42 = 0, v + 1934 = k. Let h = k + -1349. List the prime factors of h.
2, 3, 7
Let u = 853 + -840. Suppose 10*w + 7734 = 5*f + u*w, -w = -3. What are the prime factors of f?
3, 5, 103
Let y = -119282 - -176599. What are the prime factors of y?
13, 4409
Suppose 0 = -5*m - 5*h - 10, 2*m + 3*m - 2*h + 24 = 0. Let v be (10/m*-1)/((-3)/(-18)). List the prime factors of ((-3)/v)/((-2)/790).
79
Let b(k) = 30*k - 24. Suppose -66 = -4*n - 26. Let j be b(n). Suppose 7*w = 3*w + j. What are the prime factors of w?
3, 23
Let a(m) = 13*m**2 + 2*m - 80. Let z be a(8). Let r = z + 20. What are the prime factors of r?
2, 197
Suppose -61 = -2*b + 85. Suppose 103*l = 199*l - 33984. Suppose 5*n - 55 = 2*i + l, -4*i + b = n. What are the prime factors of n?
3
Let l(z) = z**3 - 31 + 6*z**2 - 29 + 89 - 12*z - 41. Let x be l(-8). Let d = 102 + x. List the prime factors of d.
2, 29
Suppose 13*h + 27 = 53. Suppose -5*f = 25, -9*b + 13*b = -h*f + 1302. List the prime factors of b.
2, 41
Let n(f) = 65*f**2 - 43*f + 9. Let g be n(5). List the prime factors of g - -5*(-2 - (-3 + 2)).
2, 7, 101
Let m = -5060 - -13205. What are the prime factors of m?
3, 5, 181
Let b = 5026 + -4384. List the prime factors of b.
2, 3, 107
Suppose 0 = 3*s - 22*o + 19*o - 151692, 0 = -2*s - 5*o + 101184. What are the prime factors of s?
2, 47, 269
Let p = -151 + 151. Suppose -5*k + 11*k - 1926 = p. List the prime factors of k.
3, 107
Let y(h) = h + 17. Suppose -7*a - 2*a = 99. Let v be y(a). List the prime factors of (v/4)/((-6)/(-216)).
2, 3
Suppose 0 = 23*b - 117687 - 59643. What are the prime factors of b?
2, 3, 5, 257
Suppose 0 = -5*t - 4*j + 510, 4*t + 5*j = -t + 510. List the prime factors of t/68*1108/6.
277
Let s(y) = -y**3 - 16*y**2 - 30*y - 26. Let h be s(-14). Suppose -g - 839 = -4*v - 4*g, -3*g + 421 = h*v. What are the prime factors of v?
11, 19
Let k = 635 + 2301. Let j = k - 2004. What are the prime factors of j?
2, 233
Suppose 10 = 5*a - 7*a. Let n be 2 + -1 - (-16)/(1 + a). List the prime factors of n/21 + 2*716/28.
3, 17
Suppose -k - 7*u + 5*u + 13188 = 0, 4*k = 5*u + 52817. What are the prime factors of k?
2, 6599
Suppose 4958 + 33 = s - i, -3*i + 4979 = s. What are the prime factors of s?
2, 29, 43
Let b(a) = -19*a**2 + 8*a + 4 + 9*a**2 + 13*a**2 - 4*a**3. Let u(g) = -g**2 - g + 1. Let c(z) = b(z) + 3*u(z). What are the prime factors of c(-3)?
2, 5
Suppose 5*x = o + 28, 0*o - 4*o = 12. Let p be 97 + (-5 - -17)/4. Suppose 0 = -x*m - 0*m + p. What are the prime factors of m?
2, 5
Let m(f) = -45*f**2 + f + 18. Let l be m(-4). Let r be (2 - (-5)/(-2))*l. Suppose -5*o + 207 = -r. List the prime factors of o.
2, 7
Let x = -11 + 13. Suppose -h = -5*u - 777, 2*h - 5*h = -x*u - 316. Let y = u + 251. What are the prime factors of y?
2, 3
Suppose -28 = 43*y - 50*y. Suppose -119 = -3*t + y*z, -7*z - 6 = -4*z. What are the prime factors of t?
37
Let l(z) = z**3 + z**2 - 1. Let q(p) = 4*p**3 - 27*p**2 - 40*p - 42. Let k(v) = -5*l(v) + q(v). List the prime factors of k(-31).
2, 11
Let d(z) = -2*z - 4. Let t be d(-3). Let s(n) = -3*n**3 + n**2 - 1. Let i be s(-1). Suppose -t*o + 480 = i*o. Wha